44. Let w be x(9). What is l(w)?
7
Let o = -8 + 10. Let i = o + 9. Let c(p) = -p**2 + 0*p - p - i*p**3 + 0*p**2. Determine c(-1).
11
Let w(x) = x**3 - x**2 - 5*x - 3. Let o(n) = n**3 - 26*n**2 - 87*n + 3. Let j be o(29). Give w(j).
0
Let s be 2/((-42)/(-615)) + (-12)/42. Let t(d) = 16*d + 17*d - s*d. Determine t(4).
16
Suppose 1 = -3*j + 46. Let f = j - 10. Suppose 3*l + 2 = 2*a + 9, -2*a = -f*l + 9. Let t(x) = x**3 + 3*x**2 + 1. Calculate t(a).
5
Let h(a) be the first derivative of -a**4/4 + 5*a**3 - 13*a**2/2 - 17*a + 293. Calculate h(14).
-3
Let m(f) = f**3 + 7*f**2 + 7*f - 7. Let b(a) = 41*a + 77. Let i be b(-2). What is m(i)?
8
Let m = 37 - 32. Suppose 16 = 3*p + p. Let c(f) = -f**3 + 5 - 2 + 4*f**2 + p - m*f + 2*f**3. Determine c(-5).
7
Let g(l) = l**2 + 6*l + 2. Let a = -11 - -5. Let x be g(a). Let h(m) = -2*m**x - 4 - m + 2*m**2 + 2*m + m**2. Give h(-3).
2
Suppose 8*j + 45 = 3*j + 5*n, -3*j - 27 = -5*n. Let g(k) = 3*k + 7. Give g(j).
-20
Let n(v) = -v - 15. Suppose -83 = 11*c - 6. Give n(c).
-8
Let z(b) = 2*b**2 + 1. Let u(x) = -5*x**2 + 10*x - 15. Let y(c) = u(c) + 2*z(c). What is y(9)?
-4
Suppose 0*h - 3*h = -42. Suppose 3*b = 2*a + b - h, 14 = 2*a + 2*b. Let k(d) = -3*d**2 + a*d - 1 + d**2 + 6*d**2 + d**3 + 3*d**2. Give k(-6).
-7
Suppose 6 = 2*f + k, -2*f = 2*f + 5*k. Suppose f - 15 = 2*t. Let w(h) = -7 + 12 - 3*h + 1 + h**2 + 7*h. Give w(t).
11
Suppose -y + 5*y - 81 = n, 2*n - 98 = -5*y. Suppose q - 4*g = 5*q + 16, 4*q = -3*g - y. Let c(b) = -b**2 - 11*b - 3. Give c(q).
21
Suppose -2*p + 2 = 2*o, -p + 2 = -3*p. Let x be -1*(-2 + o) + 5 + -8. Let m(f) = -f + 1. What is m(x)?
4
Suppose -5*c + 3 = t, 5*t + 2*c = 6*c + 15. Let h(j) be the second derivative of 1/6*j**t + 0 - 3*j**2 - 4*j. Calculate h(4).
-2
Let m(g) = -g**3 + 9*g**2 + 5*g - 45. Let q be m(9). Let o(a) be the second derivative of q + 1/20*a**5 - 1/2*a**2 + 3*a - 5/12*a**4 + 5/6*a**3. Give o(4).
3
Suppose 59*b - 54*b = 5. Let t(v) = 146*v - 148*v + b - 1. Determine t(-3).
6
Suppose -3*q + 5*c + 32 = 0, 3*q - 15 = q - 3*c. Let a = -11 + q. Let r(z) = -z. Let v(t) = -t**2 - 3*t. Let p(h) = -4*r(h) + v(h). What is p(a)?
-6
Let j(u) = -u**3 + 4*u**2 - 4*u + 3. Let a be ((-20)/2 - 2)*(-4)/12. Let s be (6/a - 1)/((-1)/(-4)). Give j(s).
3
Let d(o) = -3*o**3 + 2*o**2 - 4*o - 1. Let a be d(2). Let c = -19 - a. Let i(r) = -4*r**2 + c*r - 1 - 3 + 5*r**2. Determine i(-7).
3
Let t(y) be the second derivative of y**4/12 - 11*y**3/6 - y**2/2 + 47*y + 1. What is t(9)?
-19
Let f(x) be the second derivative of x**4/12 - 5*x**3/6 - 5*x**2/2 + 306*x - 2. What is f(-6)?
61
Let a(c) = -6*c + 1. Suppose -p = 2*b - 4 - 19, -3*b - p + 34 = 0. Calculate a(b).
-65
Let p(w) = w - 4 + 11 - 5 - 3. Let z(d) = d - 1. Let c be z(3). Let r = 8 - c. Give p(r).
5
Let u(x) = x**3 - 6*x**2 + 2*x - 5. Let r = -18 - -47. Suppose d + k - 4 = 3, 4*d = -5*k + r. Give u(d).
7
Let v(x) = -1 + 0*x - 5*x + x - 5*x. Determine v(-1).
8
Suppose -8 = -2*m + 24. Let i(l) = -l**2 + 15*l + 5. Give i(m).
-11
Let z(l) = l**2 - 21*l + 5. Suppose -13*o + 75 = -198. Determine z(o).
5
Let f(s) be the second derivative of -s**5/20 - 2*s**4/3 + s**3/3 + 2*s**2 + 227*s. Determine f(-8).
-12
Let c = 345 - 336. Let x(v) be the third derivative of v**5/60 - v**4/3 - 3*v**3/2 - 5*v**2. What is x(c)?
0
Let x(b) be the first derivative of -b**4/4 + 5*b**3/3 - 3*b**2/2 - 6*b + 552. What is x(4)?
-2
Suppose 3*k - 2*o + 4 = 2*k, -3*k - 5 = o. Let s be (k/6)/(6/(-54)). Let x(d) = 1 - 7 - d**2 - 2*d + s*d + 0*d. Determine x(0).
-6
Let g(o) = o**3 + 15*o**2 + 11*o - 9. Let y = 867 + -881. What is g(y)?
33
Suppose 3*t = -6*m + m + 20, -m - t + 2 = 0. Suppose 11*h = 48 + m. Let q(u) = u**2 - 3*u + 2. Calculate q(h).
12
Let h(l) = -2*l**2 - 8*l + 5. Let o be -16*4/10 + (-210)/(-525). Calculate h(o).
-19
Let m(c) = c**3 - 2*c**2 + 4*c - 3. Let f be m(2). Let b(u) be the first derivative of -u**2/2 + 3*u - 1505. Calculate b(f).
-2
Suppose -2*m = -5 + 1. Let j(h) = 3 - 4*h - 2*h + 2*h**3 - 11*h**m - 3*h**3 - 4*h. Let k be j(-10). Let z(v) = -v**3 + 2*v**2 + 3*v + 2. Determine z(k).
2
Let b(v) be the second derivative of -1/6*v**3 + 0 + 3*v + v**2. Let h(u) = 3*u - 6. Let s(j) = 17*b(j) + 6*h(j). Determine s(2).
0
Let w(f) be the first derivative of 2/3*f**3 + 3/2*f**4 + f + 4 - f**2. Let k(d) = -d**3 - 8*d**2 - d - 7. Let b be k(-8). Determine w(b).
7
Let s(l) be the third derivative of 0 + 1/60*l**5 - 3*l**2 + 0*l + 0*l**3 - 1/8*l**4. Determine s(4).
4
Let d(k) = -2*k**2 + k - 68 + 114 - 44. Calculate d(-5).
-53
Let t(q) = 4*q - 52. Suppose 38 = 5*g - 27. Let y be t(g). Let r(m) = -m - 8. Determine r(y).
-8
Let d(m) be the second derivative of -m**4/12 - m**3/6 - m. Suppose 249 = -17*t + 266. Give d(t).
-2
Let q(g) = -g**3 + g**2 + g. Let v(p) = 7*p**3 - 16*p**2 + 3*p - 6. Let t(w) = -6*q(w) - v(w). What is t(9)?
6
Let g(m) = -44*m - 25*m - 30*m + 94*m + 9. Determine g(10).
-41
Let m(v) = 13*v**3 - 4*v + 4. Let c be m(1). Let k(g) = 18 + 2*g**2 + 2*g - 2*g**3 - 32 + c. What is k(2)?
-5
Let v be (-1)/(10/(-176) + 32/176). Let y(u) = -u**3 - 8*u**2 + 3*u + 11. What is y(v)?
-13
Let r(j) = j**3 + 6*j**2 - 8*j. Let a be 207/(-27) - 2/(-3). Give r(a).
7
Let s(j) = -j**2 + j. Let p be s(-1). Let x(g) = g**3 - 12*g**2 - 12*g - 10. Let t be x(13). Let h(f) = 22*f**t + 3*f**2 + 0*f**2 - 21*f**3 - 1. Calculate h(p).
3
Let i(j) = j**2 + 2*j - 4. Let g(c) = c**2 + 14*c - 20. Let t(w) = 8*w. Let q be t(-2). Let a be g(q). Let p be (-4)/(a/9) - 0. Calculate i(p).
-1
Let n(x) = -x**2 + 2*x - 1. Suppose -16 = 3*s - 2*t, -4*t - 19 = 4*s - 9*t. Calculate n(s).
-49
Let x(y) = 4*y + 249*y**2 - 2 - y**3 - y - 244*y**2 - 2*y. Calculate x(4).
18
Let f(c) be the third derivative of c**5/60 - c**4/4 + 13*c**3/6 - c**2 + 93*c. Calculate f(4).
5
Let g be 7 - ((-3)/(-7))/(5/35). Let x(k) = -k + 4. Give x(g).
0
Let p(u) = -2*u + 8. Suppose 0 = -48*i - 198 + 726. Determine p(i).
-14
Let h(t) = 5*t**2 + 5*t - 5. Let z(j) = -7*j**2 - 3*j + 2. Let i(k) = 3*h(k) + 2*z(k). Determine i(-10).
-1
Let t = 18 - 13. Suppose h + 20 = 5*d + 6*h, t*h = 5*d + 10. Let q(c) = c**2 + 4*c - 4. Let a(y) = 3*y - 3. Let w(g) = -3*a(g) + 2*q(g). Calculate w(d).
2
Suppose 29*x - 24*x - 10 = 0. Let d(t) = t**3. What is d(x)?
8
Let n(f) = -8*f + 26. Let g(q) = -q - 2. Let c(k) = 4*g(k) - n(k). Let o be c(10). Let w(r) be the third derivative of -r**4/12 + r**3 - r**2. Determine w(o).
-6
Suppose 5*q = 27 - 2. Let o(u) = -u**2 + 3*u + 11. Let l be o(q). Let a(r) = -11*r - 1. Give a(l).
-12
Let r be (-10)/6 - (7 - 261/30). Let i(g) be the third derivative of r*g**5 + 0*g + 4*g**2 - 1/4*g**4 + 1/6*g**3 + 0. Give i(4).
9
Let o be 0 + (0 - (1 + 6)). Let d = 9 + o. Let b(g) = 5*g + 15. Let x(p) = 3*p + 8. Let v(m) = -4*b(m) + 7*x(m). Determine v(d).
-2
Let a(x) be the third derivative of x**5/20 - x**4/24 + x**3/6 + 526*x**2 - 1. Determine a(-2).
15
Suppose -4*i + 15 = -41. Suppose 0 = 4*h + 2*q + 12, 3*q + i = -5*h + q. Let n = 5 + h. Let j(g) = -g**3 + 4*g**2 - 2*g - 4. Give j(n).
-1
Let p(b) = -4*b + 23. Let u(f) = f**2 - f - 1. Let v(a) = -p(a) - 2*u(a). Let y(z) be the first derivative of v(z). Calculate y(4).
-10
Suppose t + 1 = -4. Let a = t - -2. Let d(b) = -3 + 6*b**3 - 5*b**3 + b**2 + 5 - 2*b. What is d(a)?
-10
Suppose -5*p + s = -0*p + 5, 2*p + 5*s = 25. Suppose -2*n + p*c - c = 12, 5*c - 24 = 4*n. Let u(h) = h - 3. Give u(n).
-9
Let w(r) = -5*r**2 - 7*r + 9. Let v(u) be the first derivative of -3*u**3 - 13*u**2/2 + 17*u + 9. Let i(y) = -4*v(y) + 7*w(y). Determine i(-4).
-1
Let k(g) = g**2 + 6*g + 7. Let m = -10 + 10. Suppose 3*w + 5*x + 13 = m, -35 = 4*w + w - 5*x. Calculate k(w).
7
Suppose -l + q + 7 = 5*q, -5*l + 81 = -3*q. Let p be (l/(-20))/((-2)/(-8)). Let b(c) = c**3 + 3*c**2 - 3*c - 3. Calculate b(p).
6
Let j(h) be the first derivative of h**3 + h**2 - h + 6. Suppose -2*i - 10 = 0, 7*z - 2*z - 30 = -2*i. Suppose -17 + 2 = -5*n, 2*w + z = 4*n. Calculate j(w).
15
Suppose -5*y + 6*y - 15 = -3*b, -2*b + 40 = 4*y. Let s(q) = q - 7. Give s(y).
2
Let o = -97 - -99. Let w(f) = -7*f**3 - 7 + 0 + 0 - 2*f - 4*f**o + 6*f**3. What is w(-5)?
28
Let a(r) be the third derivative of -5*r**5/12 - r**2. Let j(f) = -f**3 - 3*f**2 + 599*f + 25. Let v be j(-26). Determine a(v).
-25
Let i(r) be the first deriva